common factor of 60 and 24.
12
Calculate the greatest common factor of 50 and 150.
50
What is the greatest common divisor of 286 and 902?
22
What is the highest common divisor of 264 and 4389?
33
Calculate the greatest common factor of 2 and 578.
2
Calculate the highest common factor of 1310 and 160.
10
Calculate the highest common factor of 63 and 3087.
63
What is the greatest common factor of 65 and 130?
65
Calculate the highest common factor of 1440 and 270.
90
What is the highest common divisor of 322 and 138?
46
What is the greatest common factor of 8 and 392?
8
What is the highest common divisor of 26 and 832?
26
What is the highest common factor of 10576 and 32?
16
What is the highest common factor of 16 and 1360?
16
Calculate the highest common divisor of 76 and 6308.
76
Calculate the highest common divisor of 36 and 747.
9
What is the highest common factor of 20722 and 26?
26
What is the greatest common divisor of 38403 and 153?
153
Calculate the greatest common divisor of 484 and 1331.
121
What is the highest common divisor of 14 and 350?
14
Calculate the highest common factor of 224 and 28.
28
What is the highest common divisor of 12 and 30?
6
What is the highest common factor of 2414 and 142?
142
Calculate the highest common factor of 22 and 4378.
22
Calculate the greatest common factor of 2016 and 108.
36
Calculate the highest common divisor of 63 and 1233.
9
What is the highest common factor of 3354 and 430?
86
Calculate the greatest common factor of 2678 and 26.
26
Calculate the highest common divisor of 3915 and 29.
29
Calculate the greatest common factor of 119 and 153.
17
Calculate the highest common factor of 560 and 10.
10
Calculate the greatest common factor of 506 and 22.
22
Calculate the greatest common factor of 50 and 40225.
25
Calculate the greatest common divisor of 154 and 66.
22
Calculate the greatest common factor of 442 and 156.
26
What is the greatest common divisor of 28 and 238?
14
Calculate the greatest common factor of 31 and 27187.
31
What is the highest common divisor of 204 and 918?
102
What is the greatest common divisor of 108 and 44?
4
Calculate the highest common divisor of 36 and 2466.
18
Calculate the greatest common factor of 33 and 99.
33
Calculate the highest common factor of 18 and 7578.
18
Calculate the greatest common factor of 207 and 138.
69
What is the highest common divisor of 98 and 16?
2
Calculate the highest common factor of 4 and 338.
2
What is the greatest common divisor of 20 and 1390?
10
What is the greatest common factor of 1025 and 75?
25
Calculate the highest common factor of 175 and 17115.
35
Calculate the highest common divisor of 1392 and 1479.
87
Calculate the greatest common factor of 204 and 289.
17
What is the highest common factor of 113 and 94807?
113
What is the greatest common factor of 609 and 87?
87
Calculate the highest common divisor of 57 and 2793.
57
Calculate the greatest common divisor of 44152 and 8.
8
Calculate the highest common factor of 32 and 6928.
16
Calculate the greatest common factor of 4717 and 265.
53
What is the greatest common divisor of 70 and 1582?
14
Calculate the greatest common divisor of 120 and 190.
10
Calculate the greatest common factor of 100 and 70.
10
What is the greatest common divisor of 6 and 4?
2
What is the greatest common factor of 32 and 212?
4
Calculate the highest common divisor of 803 and 44.
11
What is the greatest common divisor of 910 and 637?
91
Calculate the greatest common factor of 9790 and 550.
110
Calculate the highest common factor of 24 and 136.
8
What is the highest common factor of 987 and 42?
21
What is the greatest common factor of 1358 and 14?
14
Calculate the highest common factor of 1806 and 6.
6
Calculate the highest common divisor of 10 and 2810.
10
Calculate the greatest common divisor of 800 and 25.
25
Calculate the greatest common factor of 8 and 8.
8
Calculate the highest common divisor of 2556 and 12.
12
What is the highest common divisor of 47 and 3149?
47
Calculate the greatest common factor of 65 and 195.
65
Calculate the highest common factor of 39 and 291.
3
Calculate the greatest common divisor of 342 and 18.
18
What is the highest common factor of 43 and 3?
1
What is the highest common divisor of 30 and 1290?
30
Calculate the highest common factor of 984 and 32.
8
Calculate the highest common factor of 671 and 122.
61
Calculate the greatest common factor of 115 and 3680.
115
Calculate the highest common factor of 7 and 455.
7
What is the greatest common factor of 172 and 129?
43
What is the highest common divisor of 22990 and 385?
55
What is the greatest common divisor of 10 and 1690?
10
What is the greatest common factor of 1113 and 14?
7
What is the greatest common factor of 626 and 4?
2
What is the greatest common divisor of 30 and 14745?
15
Calculate the greatest common divisor of 7157 and 85.
17
Calculate the greatest common divisor of 10 and 1865.
5
What is the greatest common divisor of 87 and 145?
29
What is the greatest common factor of 875 and 14?
7
Calculate the highest common divisor of 2 and 50.
2
What is the highest common divisor of 270 and 81?
27
What is the highest common factor of 270 and 54?
54
What is the greatest common factor of 1364 and 248?
124
Calculate the highest common factor of 26 and 13078.
26
Calculate the highest common divisor of 160 and 12220.
20
Calculate the greatest common factor of 14 and 338.
2
Calculate the greatest common divisor of 13275 and 50.
25
What is the highest common factor of 78 and 507?
39
What is the greatest common divisor of 12 and 1380?
12
What is the greatest common factor of 9752 and 368?
184
Calculate the highest common factor of 852 and 10011.
213
What is the highest common factor of 12 and 204?
12
What is the greatest common divisor of 255 and 24565?
85
What is the highest common factor of 28 and 301?
7
Calculate the greatest common factor of 4672 and 64.
64
What is the highest common factor of 325 and 2825?
25
Calculate the highest common factor of 42 and 147.
21
Calculate the highest common divisor of 24 and 192.
24
Calculate the highest common factor of 324 and 108.
108
Calculate the greatest common factor of 318 and 265.
53
Calculate the greatest common factor of 4288 and 128.
64
What is the greatest common factor of 85 and 629?
17
What is the greatest common factor of 12 and 116?
4
Calculate the greatest common divisor of 6589 and 55.
11
What is the highest common divisor of 55 and 418?
11
Calculate the highest common factor of 141 and 3.
3
What is the highest common factor of 30 and 1185?
15
What is the highest common divisor of 39 and 6?
3
Calculate the highest common factor of 21522 and 510.
102
Calculate the greatest common divisor of 108 and 99.
9
What is the greatest common divisor of 57 and 513?
57
Calculate the greatest common factor of 10231 and 208.
13
What is the highest common divisor of 224 and 1456?
112
What is the greatest common divisor of 954 and 72?
18
What is the highest common factor of 605 and 55?
55
Calculate the greatest common factor of 2016 and 864.
288
Calculate the greatest common factor of 13 and 117.
13
What is the greatest common divisor of 144 and 84?
12
What is the greatest common factor of 54 and 342?
18
What is the greatest common factor of 14 and 385?
7
What is the greatest common factor of 16781 and 173?
173
What is the highest common factor of 80 and 370?
10
Calculate the greatest common factor of 2115 and 9.
9
Calculate the highest common divisor of 29841 and 98.
49
What is the highest common factor of 177 and 295?
59
Calculate the greatest common divisor of 1341 and 596.
149
Calculate the greatest common divisor of 2 and 64.
2
Calculate the highest common factor of 126 and 2034.
18
What is the greatest common divisor of 1536 and 624?
48
What is the highest common factor of 288 and 60?
12
What is the highest common divisor of 783 and 5452?
29
What is the greatest common factor of 56 and 116?
4
What is the greatest common factor of 20 and 20?
20
What is the highest common divisor of 3014 and 44?
22
Calculate the greatest common divisor of 12 and 1844.
4
What is the highest common factor of 20 and 8860?
20
Calculate the highest common factor of 65 and 247.
13
What is the greatest common fa